3027.
23027
What are the prime factors of 18350?
2, 5, 367
What are the prime factors of 22244?
2, 67, 83
What are the prime factors of 969?
3, 17, 19
List the prime factors of 601.
601
List the prime factors of 1983.
3, 661
List the prime factors of 66689.
7, 1361
What are the prime factors of 76?
2, 19
List the prime factors of 48876.
2, 3, 4073
What are the prime factors of 120585?
3, 5, 8039
What are the prime factors of 8648?
2, 23, 47
List the prime factors of 1989.
3, 13, 17
List the prime factors of 2532.
2, 3, 211
What are the prime factors of 6671?
7, 953
List the prime factors of 15339.
3, 5113
List the prime factors of 4125.
3, 5, 11
List the prime factors of 3489.
3, 1163
What are the prime factors of 49554?
2, 3, 2753
What are the prime factors of 5399?
5399
List the prime factors of 28479.
3, 11, 863
List the prime factors of 1172.
2, 293
What are the prime factors of 17023?
29, 587
List the prime factors of 515.
5, 103
What are the prime factors of 17164?
2, 7, 613
What are the prime factors of 1184?
2, 37
What are the prime factors of 125496?
2, 3, 7, 83
List the prime factors of 79573.
13, 6121
What are the prime factors of 1126?
2, 563
List the prime factors of 14726.
2, 37, 199
List the prime factors of 25529.
7, 521
What are the prime factors of 166400?
2, 5, 13
List the prime factors of 1374.
2, 3, 229
List the prime factors of 65878.
2, 32939
What are the prime factors of 4775?
5, 191
What are the prime factors of 1099?
7, 157
What are the prime factors of 33825?
3, 5, 11, 41
What are the prime factors of 2487?
3, 829
What are the prime factors of 5873?
7, 839
List the prime factors of 7071.
3, 2357
What are the prime factors of 1306?
2, 653
What are the prime factors of 3230?
2, 5, 17, 19
What are the prime factors of 6793?
6793
List the prime factors of 97221.
3, 23, 1409
What are the prime factors of 2824?
2, 353
List the prime factors of 43281.
3, 7, 229
What are the prime factors of 8457?
3, 2819
What are the prime factors of 1962?
2, 3, 109
List the prime factors of 14647.
97, 151
What are the prime factors of 53051?
53051
List the prime factors of 21315.
3, 5, 7, 29
List the prime factors of 7615.
5, 1523
What are the prime factors of 78781?
78781
List the prime factors of 27394.
2, 13697
What are the prime factors of 63999?
3, 13, 547
List the prime factors of 5690.
2, 5, 569
What are the prime factors of 32622?
2, 3, 5437
List the prime factors of 28533.
3, 9511
List the prime factors of 138157.
138157
List the prime factors of 5646.
2, 3, 941
What are the prime factors of 33586?
2, 7, 2399
List the prime factors of 1677.
3, 13, 43
What are the prime factors of 5162?
2, 29, 89
List the prime factors of 251.
251
List the prime factors of 3247.
17, 191
List the prime factors of 2435.
5, 487
List the prime factors of 14742.
2, 3, 7, 13
What are the prime factors of 839?
839
List the prime factors of 21065.
5, 11, 383
What are the prime factors of 4670?
2, 5, 467
List the prime factors of 103702.
2, 19, 2729
What are the prime factors of 24879?
3, 8293
What are the prime factors of 1106?
2, 7, 79
List the prime factors of 9388.
2, 2347
List the prime factors of 32102.
2, 7, 2293
List the prime factors of 2084.
2, 521
List the prime factors of 974.
2, 487
List the prime factors of 929.
929
What are the prime factors of 9879?
3, 37, 89
What are the prime factors of 5501?
5501
What are the prime factors of 2065?
5, 7, 59
What are the prime factors of 10929?
3, 3643
List the prime factors of 1247.
29, 43
List the prime factors of 43313.
43313
What are the prime factors of 1300?
2, 5, 13
What are the prime factors of 1211?
7, 173
What are the prime factors of 3358?
2, 23, 73
List the prime factors of 42310.
2, 5, 4231
What are the prime factors of 3758?
2, 1879
List the prime factors of 352.
2, 11
List the prime factors of 85382.
2, 11, 3881
What are the prime factors of 4338?
2, 3, 241
What are the prime factors of 2886?
2, 3, 13, 37
List the prime factors of 79169.
17, 4657
What are the prime factors of 1823?
1823
What are the prime factors of 3581?
3581
List the prime factors of 10908.
2, 3, 101
List the prime factors of 7109.
7109
What are the prime factors of 2582?
2, 1291
What are the prime factors of 1473?
3, 491
List the prime factors of 23749.
11, 17, 127
List the prime factors of 2734.
2, 1367
What are the prime factors of 9473?
9473
What are the prime factors of 531?
3, 59
List the prime factors of 3921.
3, 1307
What are the prime factors of 2316?
2, 3, 193
List the prime factors of 35081.
35081
List the prime factors of 54868.
2, 11, 29, 43
What are the prime factors of 26816?
2, 419
List the prime factors of 7111.
13, 547
What are the prime factors of 19646?
2, 11, 19, 47
List the prime factors of 4357.
4357
List the prime factors of 109214.
2, 7, 29, 269
What are the prime factors of 1896?
2, 3, 79
What are the prime factors of 6037?
6037
List the prime factors of 10431.
3, 19, 61
What are the prime factors of 479?
479
What are the prime factors of 14519?
14519
What are the prime factors of 2628?
2, 3, 73
List the prime factors of 132386.
2, 37, 1789
List the prime factors of 22935.
3, 5, 11, 139
List the prime factors of 4262.
2, 2131
What are the prime factors of 2458?
2, 1229
What are the prime factors of 121?
11
List the prime factors of 560.
2, 5, 7
What are the prime factors of 7900?
2, 5, 79
List the prime factors of 17148.
2, 3, 1429
List the prime factors of 1677.
3, 13, 43
List the prime factors of 15363.
3, 569
What are the prime factors of 1465?
5, 293
List the prime factors of 2011.
2011
What are the prime factors of 8528?
2, 13, 41
List the prime factors of 9206.
2, 4603
What are the prime factors of 2780?
2, 5, 139
List the prime factors of 26738.
2, 29, 461
What are the prime factors of 18558?
2, 3, 1031
What are the prime factors of 2783?
11, 23
What are the prime factors of 23603?
23603
What are the prime factors of 810?
2, 3, 5
What are the prime factors of 402?
2, 3, 67
What are the prime factors of 29115?
3, 5, 647
List the prime factors of 448.
2, 7
List the prime factors of 638.
2, 11, 29
What are the prime factors of 1300?
2, 5, 13
List the prime factors of 13217.
13217
List the prime factors of 164395.
5, 7, 11, 61
List the prime factors of 990.
2, 3, 5, 11
List the prime factors of 1255.
5, 251
What are the prime factors of 7190?
2, 5, 719
What are the prime factors of 22745?
5, 4549
What are the prime factors of 42607?
137, 311
List the prime factors of 1591.
37, 43
List the prime factors of 455.
5, 7, 13
List the prime factors of 2232.
2, 3, 31
What are the prime factors of 679?
7, 97
List the prime factors of 11287.
11287
List the prime factors of 12303.
3, 1367
List the prime factors of 2970.
2, 3, 5, 11
List the prime factors of 5462.
2, 2731
What are the prime factors of 3653?
13, 281
List the prime factors of 5456.
2, 11, 31
What are the prime factors of 154588?
2, 7, 5521
List the prime factors of 32538.
2, 3, 11, 17, 29
What are the prime factors of 5873?
7, 839
What are the prime factors of 30236?
2, 7559
What are the prime factors of 427?
7, 61
List the prime factors of 183.
3, 61
What are the prime factors of 7545?
3, 5, 503
What are the prime factors of 31077?
3, 1151
What are the prime factors of 39269?
107, 367
What are the prime factors of 308?
2, 7, 11
List the prime factors of 7270.
2, 5, 727
List the prime factors of 5858.
2, 29, 101
What are the prime factors of 309?
3, 103
List the prime factors of 1941.
3, 647
List the prime factors of 967.
967
What are the prime factors of 35749?
7, 5107
List the prime factors of 24057.
3, 11
What are the prime factors of 10225?
5, 409
What are the prime factors of 978?
2, 3, 163
List the prime factors of 64095.
3, 5, 4273
What are the prime factors of 949?
13, 73
List the prime factors of 4109.
7, 587
List the prime factors of 3374.
2, 7, 241
List the prime factors of 514.
2, 257
What are the prime factors of 44095?
5, 8819
What are the prime factors of 100897?
163, 619
List the prime factors of 40440.
2, 3, 5, 337
List the prime factors of 16384.
2
What are the prime factors of 73156?
2, 18289
What are the prime factors of 2017?
2017
List the prime factors of 1747.
1747
List the prime factors of 161.
7, 23
List the pri